{"id":1652,"date":"2025-01-12T19:39:36","date_gmt":"2025-01-12T19:39:36","guid":{"rendered":"https:\/\/myindustrie.dz\/?post_type=product&#038;p=1652"},"modified":"2025-01-12T19:39:36","modified_gmt":"2025-01-12T19:39:36","slug":"6es7322-1bf01-0aa0-siemens","status":"publish","type":"product","link":"https:\/\/myindustrie.dz\/index.php\/produit\/6es7322-1bf01-0aa0-siemens\/","title":{"rendered":"6ES7322-1BF01-0AA0 Siemens"},"content":{"rendered":"SIMATIC S7-300, Sortie num\u00e9rique SM 322, isol\u00e9e, 8 sorties num\u00e9riques, 24 V CC, 2 A, 1 x 20 p\u00f4les <a href=\"https:\/\/mall.industry.siemens.com\/mall\/en\/IT\/Catalog\/Product\/?mlfb=6ES7322-1BF01-0AA0&amp;SiepCountryCode=IT\">Data Sheet PDF<\/a>","protected":false},"excerpt":{"rendered":"<p>SIMATIC S7-300, Sortie num\u00e9rique SM 322, isol\u00e9e, 8 sorties num\u00e9riques, 24 V CC, 2 A, 1 x 20 p\u00f4les Data Sheet PDF<\/p>\n","protected":false},"featured_media":1650,"template":"","meta":[],"product_cat":[59],"product_tag":[],"_links":{"self":[{"href":"https:\/\/myindustrie.dz\/index.php\/wp-json\/wp\/v2\/product\/1652"}],"collection":[{"href":"https:\/\/myindustrie.dz\/index.php\/wp-json\/wp\/v2\/product"}],"about":[{"href":"https:\/\/myindustrie.dz\/index.php\/wp-json\/wp\/v2\/types\/product"}],"version-history":[{"count":1,"href":"https:\/\/myindustrie.dz\/index.php\/wp-json\/wp\/v2\/product\/1652\/revisions"}],"predecessor-version":[{"id":1653,"href":"https:\/\/myindustrie.dz\/index.php\/wp-json\/wp\/v2\/product\/1652\/revisions\/1653"}],"wp:featuredmedia":[{"embeddable":true,"href":"https:\/\/myindustrie.dz\/index.php\/wp-json\/wp\/v2\/media\/1650"}],"wp:attachment":[{"href":"https:\/\/myindustrie.dz\/index.php\/wp-json\/wp\/v2\/media?parent=1652"}],"wp:term":[{"taxonomy":"product_cat","embeddable":true,"href":"https:\/\/myindustrie.dz\/index.php\/wp-json\/wp\/v2\/product_cat?post=1652"},{"taxonomy":"product_tag","embeddable":true,"href":"https:\/\/myindustrie.dz\/index.php\/wp-json\/wp\/v2\/product_tag?post=1652"}],"curies":[{"name":"wp","href":"https:\/\/api.w.org\/{rel}","templated":true}]}}